4 a factor of 6516928?
True
Does 37 divide 71575?
False
Is 2141567 a multiple of 188?
False
Does 39 divide 121022?
False
Is 520 a factor of 5149442?
False
Is 117040 a multiple of 770?
True
Is 7 a factor of 47734?
False
Does 2179 divide 16553303?
False
Is 4502640 a multiple of 1095?
True
Is 6528720 a multiple of 110?
True
Is 6 a factor of 77298?
True
Does 41 divide 2159921?
True
Does 155 divide 6218755?
True
Is 39270 a multiple of 374?
True
Is 62 a factor of 15190?
True
Is 392 a factor of 373444?
False
Is 756 a factor of 8873928?
True
Is 888898 a multiple of 315?
False
Does 268 divide 6315667?
False
Is 2523552 a multiple of 1164?
True
Is 2343150 a multiple of 5?
True
Does 9 divide 6587927?
False
Does 77 divide 41996?
False
Does 457 divide 4076582?
False
Does 14 divide 762625?
False
Is 389740 a multiple of 130?
True
Is 181456 a multiple of 176?
True
Is 86 a factor of 493508?
False
Is 9111168 a multiple of 114?
False
Is 21 a factor of 57050?
False
Is 8 a factor of 333043?
False
Is 10 a factor of 41310?
True
Does 14 divide 581070?
True
Does 14 divide 63132?
False
Does 11 divide 1718108?
False
Is 21016 a multiple of 148?
True
Is 48140 a multiple of 54?
False
Is 11997720 a multiple of 252?
True
Is 3101318 a multiple of 51?
False
Is 7 a factor of 5686303?
True
Does 77 divide 38546?
False
Does 31 divide 2834950?
True
Is 2157242 a multiple of 2448?
False
Is 23 a factor of 3010194?
True
Does 1762 divide 4591772?
True
Does 16 divide 13437853?
False
Is 24746712 a multiple of 21?
False
Does 81 divide 1309446?
True
Does 22 divide 327494?
False
Is 1220806 a multiple of 29?
False
Is 1075088 a multiple of 7?
True
Is 132958 a multiple of 13?
False
Is 1179310 a multiple of 52?
False
Is 578832 a multiple of 372?
True
Does 13 divide 1812538?
True
Is 901584 a multiple of 9?
True
Does 9 divide 1397903?
False
Is 278231 a multiple of 345?
False
Does 550 divide 3885429?
False
Is 33 a factor of 1056792?
True
Does 46 divide 682985?
False
Does 205 divide 3458310?
False
Is 243408 a multiple of 22?
True
Is 4429271 a multiple of 1771?
True
Does 52 divide 3006120?
True
Is 356625 a multiple of 15?
True
Is 80 a factor of 5108160?
True
Is 219 a factor of 722585?
False
Is 14 a factor of 712922?
True
Is 26618268 a multiple of 12?
True
Does 10 divide 57150?
True
Does 38 divide 132544?
True
Does 30 divide 6697170?
True
Is 9 a factor of 7822692?
True
Is 32 a factor of 3957?
False
Is 442 a factor of 2225119?
False
Does 13 divide 32383?
True
Does 52 divide 30947020?
True
Is 16 a factor of 8683344?
True
Is 14400540 a multiple of 126?
True
Is 16 a factor of 2076241?
False
Does 13 divide 836576?
True
Is 168 a factor of 410928?
True
Is 367090 a multiple of 268?
False
Is 23 a factor of 14817?
False
Is 31926 a multiple of 58?
False
Does 498 divide 361699?
False
Is 946 a factor of 4797434?
False
Does 19 divide 1697009?
False
Is 98 a factor of 1266447?
False
Is 178190 a multiple of 78?
False
Is 5676960 a multiple of 40?
True
Is 785 a factor of 359945?
False
Does 4 divide 263220?
True
Is 321 a factor of 286667?
False
Is 223692 a multiple of 21?
True
Is 5978904 a multiple of 21?
False
Is 721246 a multiple of 31?
True
Is 118107 a multiple of 50?
False
Is 8412950 a multiple of 301?
True
Is 39081 a multiple of 4?
False
Does 280 divide 175599?
False
Is 409106 a multiple of 12?
False
Does 231 divide 197736?
True
Does 13 divide 95927?
True
Is 30375 a multiple of 75?
True
Is 290004 a multiple of 169?
True
Does 52 divide 2488730?
False
Is 78 a factor of 168063?
False
Does 15 divide 1194975?
True
Is 21 a factor of 156805?
False
Is 8 a factor of 10120?
True
Does 157 divide 361571?
True
Is 89 a factor of 88799?
False
Is 2362 a factor of 5881271?
False
Does 6 divide 914996?
False
Is 2955520 a multiple of 160?
True
Is 418824 a multiple of 12?
True
Is 2307792 a multiple of 24?
True
Is 70 a factor of 395710?
True
Is 7 a factor of 132991?
False
Is 32881 a multiple of 131?
True
Is 294439 a multiple of 455?
False
Does 3 divide 386952?
True
Is 641 a factor of 95509?
True
Does 16 divide 20329266?
False
Does 1181 divide 26171116?
False
Is 5186176 a multiple of 64?
True
Is 3075048 a multiple of 6?
True
Does 1699 divide 4566181?
False
Is 39 a factor of 1358843?
False
Is 109 a factor of 1633474?
True
Does 250 divide 509500?
True
Does 45 divide 18273452?
False
Is 13 a factor of 528880?
False
Is 200422 a multiple of 15?
False
Does 42 divide 144944?
False
Does 40 divide 1077240?
True
Is 767963 a multiple of 77?
False
Is 190 a factor of 5756?
False
Does 11 divide 6580144?
False
Does 5 divide 63135?
True
Does 14 divide 76762?
True
Is 130 a factor of 9880?
True
Is 167067 a multiple of 152?
False
Is 954414 a multiple of 227?
False
Does 11 divide 26?
False
Is 8193107 a multiple of 13?
True
Does 26 divide 840424?
True
Is 171 a factor of 1569090?
False
Is 84 a factor of 1692768?
True
Is 209914 a multiple of 7?
False
Does 458 divide 458916?
True
Does 9 divide 114569?
False
Is 19 a factor of 512378?
False
Is 29 a factor of 3822012?
False
Does 12 divide 3154906?
False
Does 13 divide 2375893?
True
Is 13538670 a multiple of 56?
False
Does 61 divide 295545?
True
Is 469620 a multiple of 9?
True
Does 14 divide 278726?
True
Is 11 a factor of 116919?
True
Does 73 divide 5787951?
True
Is 33 a factor of 6198874?
False
Does 19 divide 176599?
False
Is 871282 a multiple of 493?
False
Is 82487 a multiple of 179?
False
Is 665033 a multiple of 431?
True
Is 18 a factor of 142848?
True
Does 243 divide 264870?
True
Is 81984 a multiple of 183?
True
Does 4 divide 61614?
False
Is 9 a factor of 383474?
False
Is 2919267 a multiple of 44?
False
Is 60960 a multiple of 32?
True
Does 12 divide 420490?
False
Is 8 a factor of 6988431?
False
Does 46 divide 170731?
False
Does 14 divide 4733540?
True
Does 330 divide 206910?
True
Does 85 divide 370807?
False
Is 26 a factor of 570700?
True
Does 7 divide 211960?
True
Does 15 divide 38615?
False
Is 133979 a multiple of 37?
False
Does 208 divide 106288?
True
Does 253 divide 78393?
False
Is 115 a factor of 2558405?
True
Does 124 divide 65280?
False
Does 2 divide 3926?
True
Is 135981 a multiple of 6?
False
Does 6 divide 40510?
False
Is 713615 a multiple of 7?
True
Is 11 a factor of 328647?
True
Is 13 a factor of 163202?
True
Is 3725394 a multiple of 31?
True
Is 11850 a multiple of 25?
True
Is 31 a factor of 15307955?
True
Does 67 divide 12538782?
True
Is 5 a factor of 2415938?
False
Is 74 a factor of 445007?
False
Is 218300 a multiple of 74?
True
Does 3 divide 14373?
True
Is 93746 a multiple of 74?
False
Does 4 divide 542832?
True
Is 15 a factor of 1386632?
False
Is 3066678 a multiple of 1280?
False
Is 58 a factor of 99067?
False
Does 189 divide 154035?
True
Is 13 a factor of 128787?
False
Is 25 a factor of 260450?
True
Is 11918117 a multiple of 23?
True
Is 17 a factor of 2059312?
True
Is 70 a factor of 1093540?
True
Does 358 divide 1873056?
True
Is 719348 a multiple of 14?
True
Does 35 divide 12425?
True
Does 261 divide 5828130?
True
Does 61 divide 4232668?
True
Is 21 a factor of 2805426?
False
Is 1365644 a multiple of 28?
True
Is 521 a factor of 194390?
False
Is 76472 a multiple of 79?
True
Is 1189020 a multiple of 60?
True
Is 10 a factor of 319960?
True
Does 65 divide 1935436?
False
Does 32 divide 681600?
True
Is 6397440 a multiple of 1280?
True
Is 2153511 a multiple of 5?
False
Does 752 divide 1826608?
True
Does 15 divide 74220?
True
Is 4641460 a multiple of 5?
True
Is 233660 a multiple of 20?
True
Is 2782178 a multiple of 131?
True
Is 2221442 even?
True
Does 45 divide 213639?
False
Is 177990 a multiple of 53?
False
Is 4661349 a multiple of 9?
False
Is 96 a factor of 276816?
False
Is 4544370 a multiple of 50?
False
Is 4 a factor of 258496?
True
Is 522 a factor of 4805531?
False
Is 3 a factor of 7257?
True
Does 377 divide 5944148?
False
Does 295 divide 33630?
True
Is 142299 a multiple of 441?
False
Is 8707782 a multiple of 5?
False
Is 207 a factor of 136206?
True
Is 1841899 a multiple of 58?
False
Is 141856 a multiple of 22?
True
Does 178 divide 57421?
False
Does 19 divide 77335?
False
Does 168 divide 6497400?
True
Does 16 divide 8235504?
True
Does 6 divide 5206848?
True
Does 34 divide 23022386?
True
Does 8 divide 4585944?
True
Does 98 divide 54542?
False
Does 34 divide 807364?
True
Is 14 a factor of 189417?
Fal